- h - 6 = 0. Suppose 0 = h*p + p + s - 155, 2*s - 6 = 0. List the prime factors of p.
2, 19
What are the prime factors of -3*(1 - 0) + 86/2?
2, 5
Suppose -5*l + l + 27 = -3*b, -2*l = -3*b - 21. Let k(s) = -5 - l*s**2 + 2*s**2 - 9*s - 1. What are the prime factors of k(-6)?
2, 3
Let z(i) = i**2 + 6*i - 1. What are the prime factors of z(-9)?
2, 13
Let c = 5 - 2. Suppose c*d + 6 = -o, -3*o + 2*d = -7*o - 4. Let f(m) = m**3 - m**2 - m + 10. What are the prime factors of f(o)?
2, 5
Let z(x) = 5*x**2 + 20*x - 6. What are the prime factors of z(-8)?
2, 7, 11
Suppose -l - 51 - 173 = -3*d, -4*d - 4*l = -320. Suppose -3*x + 0*u + 5*u = -d, 5*x - 104 = -3*u. Suppose x - 4 = 3*b. List the prime factors of b.
2, 3
Let q(u) = 3*u - 5. Let l be q(7). Let n = 38 - l. What are the prime factors of n?
2, 11
Let c = 17 + -10. Let s(k) = k - 2. Let d be s(c). Suppose 18 = 2*q - d*g - 15, -2*q + 2*g + 18 = 0. What are the prime factors of q?
2
Let a(o) = 11*o. Let z be a(4). Suppose -l + 35 = 4*p, -4*l - 5*p = -z - 41. List the prime factors of l.
3, 5
Let h be (20 - 1)/(10/30). Let n = -33 + h. List the prime factors of n.
2, 3
Let v(f) be the first derivative of 1 + 0*f + 1/2*f**2. List the prime factors of v(2).
2
Let z = -2 - 1. What are the prime factors of 21 + z + (0 - 1)?
17
Let i(v) = 13*v**3 + 3*v**2. Let d be i(-2). Let q be 1/(278/d - -3). Let k = 65 + q. What are the prime factors of k?
19
Let q = -34 + 62. Suppose -q = 6*u - 244. List the prime factors of u.
2, 3
Suppose -7 = -2*i + 1. Suppose i*u - 4 = -12. List the prime factors of -5*(39/(-15) - u).
3
Suppose 4*i + 15 = w, w + w + i = -6. Let j be (w + 1)/(-3) + -1. What are the prime factors of -1 + j + (-14)/(-2)?
5
Suppose 3*x = -3 + 9. Let t(f) = 2 + f - 2*f**2 + 3*f**3 - f**2 + f**2. List the prime factors of t(x).
2, 5
Let d = -24 + 45. What are the prime factors of 120/d + 10/35?
2, 3
Let a(t) = 16*t + 5. What are the prime factors of a(1)?
3, 7
Let z(p) = 0*p**2 - 5 + 7 - p**2 - 9*p. List the prime factors of z(-8).
2, 5
Let w be -2 + -1 + (0 - -1). Suppose x + z - 1 = 0, -3*x - 2*z + 0*z + 8 = 0. Let i = w + x. What are the prime factors of i?
2
Suppose g - 79 = 3*m, 3*g + 18 = -2*m + 277. List the prime factors of g.
5, 17
Let y(g) = 19*g**3 - 3*g**2 + 2*g - 3. List the prime factors of y(2).
3, 47
Let q(d) = d**2 - 8*d + 9. Let m be q(8). Suppose -t = 2*t - m. What are the prime factors of t?
3
Let l be (7/14)/((-1)/46). Let h = 44 + l. Suppose -27 = -3*s + h. What are the prime factors of s?
2
Suppose 0 = -r + 1 + 16. Suppose 4*u - 27 - r = 0. Suppose 0 = -0*k - 2*k - w + u, -5*w = 15. List the prime factors of k.
7
What are the prime factors of 30/(-5)*14/(-3)?
2, 7
Let m be -2 - (-24)/((-4)/(-2)). Let b = -1 + m. List the prime factors of b.
3
What are the prime factors of 3 - (4 - (-1 + 7))?
5
Suppose -6*f + f = 5. Let j be (-16)/((1 - 2) + f). Let k = j - 3. List the prime factors of k.
5
Suppose 43 = 2*a - 61. List the prime factors of a.
2, 13
Let b(j) = -9*j + 7. Let o(p) = -5*p + 3. Let x(t) = 4*b(t) - 7*o(t). What are the prime factors of x(0)?
7
Suppose 4*o + 236 = 4*z, -2*z - 3*o + 114 = -o. List the prime factors of z.
2, 29
Let o be -1*14/6*-3. Let r = o + 16. List the prime factors of r.
23
Suppose n - 185 = -4*g + 413, 0 = -3*g + 5*n + 460. List the prime factors of g.
2, 3, 5
Suppose 4*g + 4 = 2*l + 5*g, 3*g = -5*l + 9. Suppose l*x = -2*x + 10. List the prime factors of 111/21 - x/7.
5
Let h(n) = -n**3 - 5*n**2 - 9*n - 3. What are the prime factors of h(-5)?
2, 3, 7
Let n = -72 - -75. List the prime factors of n.
3
Let o = -5 - -195. What are the prime factors of o?
2, 5, 19
Suppose -3*k - 2*o = -25, 0*k + 4*o - 40 = -4*k. Suppose k*y - 5 - 30 = 0. List the prime factors of y.
7
Suppose 0 = -6*v + 2*v + 192. What are the prime factors of v?
2, 3
List the prime factors of 171*1 + -4*1/2.
13
Suppose -3*c = -2*c - 10. Let w be 1 - 1 - 2 - -2. Suppose w*o = -o + c. What are the prime factors of o?
2, 5
Let m = -3 - -3. Suppose m = -5*i, -2*i = 3*t - 6*t + 21. What are the prime factors of t?
7
Suppose 6 = 2*i + 3*v, 2*i - 3*v = -v + 6. Suppose -6*z + 2*z = -i*t + 36, 0 = t - 3*z - 12. What are the prime factors of t?
2, 3
Let i(p) = 8*p. List the prime factors of i(1).
2
Let s = -17 - -49. Suppose -5*w + 13 + s = 0. List the prime factors of w.
3
Let a(g) = -g + 3. List the prime factors of a(-9).
2, 3
Suppose -5*k + 7 + 293 = 5*u, 0 = -4*k + 2*u + 210. Let j = -25 + k. List the prime factors of j.
2, 3, 5
Let h(n) = n + 6*n - n**3 + 0*n**3 - 4*n**2. Let a be h(-5). Let v = a - -19. List the prime factors of v.
3
Suppose 0*u = 4*u + 24. Let a(m) = -5 + 0 + 2 - 2*m + 2. What are the prime factors of a(u)?
11
Let m(a) = -a**3 + 8*a**2 - 3*a - 3. What are the prime factors of m(7)?
5
Suppose 0 = -5*x - 1 - 4. Let s be (0 + 0)/(9/(-3)). List the prime factors of (-16)/(-2) + s + x.
7
Suppose -23 = 4*h + 5*n, n - 2*n = 3. Let o be (h/(-4))/(1/6). Suppose d - 10 + o = 0. What are the prime factors of d?
7
Suppose 42 = s - 10. Suppose 3*q = q + s. What are the prime factors of q?
2, 13
Let j be 2/8 + (-19)/(-4). Suppose 0 = -j*f + 2*f + 4*a + 29, 0 = -3*a - 15. Suppose -3 = f*k - 4*k. List the prime factors of k.
3
Let r(z) = 2*z - 7*z - 2*z - 21 + 3*z. Let b(k) = 3*k + 14. Let d(i) = -7*b(i) - 5*r(i). List the prime factors of d(-6).
13
Let d = -115 + 181. What are the prime factors of d?
2, 3, 11
Suppose 0 = -5*o + 43 + 17. What are the prime factors of (-3)/(-9) - (-140)/o?
2, 3
Let i(m) = -6*m - 5. List the prime factors of i(-9).
7
List the prime factors of -1 - 0 - -42 - 3.
2, 19
Suppose 10 = 2*b - 4*b + 4*w, w = 5. Suppose -11 = -b*o - 1. What are the prime factors of o?
2
Let o = 39 + -14. What are the prime factors of 10/o - (-33)/5?
7
Let i be (16/(-20))/(2/(-10)). Suppose 2*h = i*h. Suppose h = 3*u - 17 - 16. List the prime factors of u.
11
Let t(s) = s**3 - 2*s**2 - s - 1. Suppose -7 = -4*l + 1. Let w be t(l). Let c = 5 - w. What are the prime factors of c?
2
Let i be (2 + 0/1)*-1. Let f = i - -3. Let u(n) = 9*n - 1. What are the prime factors of u(f)?
2
Suppose 3*j = -6 - 0. Let c = j + 0. List the prime factors of 21 - (0/3 - c).
19
Let c = 2 + 197. List the prime factors of c.
199
Let b(o) = -o. Let g be b(6). Let w = g + 8. What are the prime factors of (-3)/w*(-24)/9?
2
Let l = -2 + 5. Suppose -4*p + 100 = -0*x + x, -2*p + l*x = -50. List the prime factors of p.
5
Let k(r) = r**3 + 8*r**2 + 7*r. Let x = -10 - -4. What are the prime factors of k(x)?
2, 3, 5
Suppose 3*h + 2*h + 40 = 0. Let p = h + 11. Let m = p + 0. What are the prime factors of m?
3
Suppose 3 = -4*p + 2*d + 5, 3*d + 3 = -4*p. Suppose -3*u = 3*n - 72, -5*u + u + 4*n + 80 = p. Suppose -q + u - 9 = 0. List the prime factors of q.
13
Let t = -40 + 12. Let k = t - -51. What are the prime factors of k?
23
Let r(m) = 3*m**2 - 21*m + 2. Let n(c) = -2*c**2 + 11*c - 1. Let v(g) = -5*n(g) - 3*r(g). Let d be v(-4). Let q = d + 25. List the prime factors of q.
2
Let i(k) = -k**3 + 6*k**2 + 4*k - 7. Suppose -3*j - j = -24. List the prime factors of i(j).
17
What are the prime factors of -213*(8/(-12))/2?
71
Let n = 4 - 9. List the prime factors of (-2)/10 + (-36)/n.
7
Let z(c) = c + 1. Let m be z(3). Suppose -5*h = -3*q - 12, m*h + 6 - 19 = -q. Suppose 1 - h = -i. What are the prime factors of i?
2
Let x(d) = d - 6. Let u be x(6). Suppose a - 6 - 19 = u. List the prime factors of a.
5
Let q be (-16)/6*(-6)/(-4). Let i(c) = c**3 + 4*c**2 + 2*c + 5. Let b be i(q). What are the prime factors of (-2)/b + 10/3?
2
Let w be (-136)/(-14) + 6/21. Let j be (-136)/(-10) + 4/w. Let s = j - 3. List the prime factors of s.
11
Suppose 5*o = o + 44. Let t = o - 7. What are the prime factors of t?
2
Let h = 436 - 286. What are the prime factors of h?
2, 3, 5
Suppose 0 = 2*i - 16 - 0. What are the prime factors of (-189)/(-12) - (-2)/i?
2
Let h(z) be the first derivative of 3*z**2 - 11*z + 6. What are the prime factors of h(5)?
19
Let d(m) = -2*m - 6. Let q be d(-4). Suppose -5*r + 6 = 4*z - 0*r, 0 = -r - q. Suppose 35 - 3 = z*y. What are the prime factors of y?
2
Let b(d) = 22*d**3 - 2*d + 1. List the prime factors of b(1).
3, 7
Let y(a) = a - 4. Let u be y(5). Let f(z) = 1 - 3*z + 0*z + 8*z. What are the prime factors of 